{"id":536,"date":"2025-04-01T09:44:16","date_gmt":"2025-04-01T09:44:16","guid":{"rendered":"https:\/\/komisjaarcheologiipoznan.pan.pl\/?page_id=536"},"modified":"2025-04-03T10:38:15","modified_gmt":"2025-04-03T10:38:15","slug":"bloki-tematyczne","status":"publish","type":"page","link":"https:\/\/komisjaarcheologiipoznan.pan.pl\/?page_id=536","title":{"rendered":"Bloki tematyczne"},"content":{"rendered":"\n<p>Proponujemy przedyskutowanie zagadnie\u0144 dotycz\u0105cych polskiego muzealnictwa archeologicznego w nast\u0119puj\u0105cych blokach tematycznych:<\/p>\n\n\n\n<div class=\"wp-block-cover\"><span aria-hidden=\"true\" class=\"wp-block-cover__background has-background-dim\"><\/span><img loading=\"lazy\" decoding=\"async\" width=\"1024\" height=\"768\" class=\"wp-block-cover__image-background wp-image-537\" alt=\"\" src=\"https:\/\/komisjaarcheologiipoznan.pan.pl\/wp-content\/uploads\/2025\/04\/DSCN6330-1024x768.jpg\" data-object-fit=\"cover\" srcset=\"https:\/\/komisjaarcheologiipoznan.pan.pl\/wp-content\/uploads\/2025\/04\/DSCN6330-1024x768.jpg 1024w, https:\/\/komisjaarcheologiipoznan.pan.pl\/wp-content\/uploads\/2025\/04\/DSCN6330-300x225.jpg 300w, https:\/\/komisjaarcheologiipoznan.pan.pl\/wp-content\/uploads\/2025\/04\/DSCN6330-768x576.jpg 768w, https:\/\/komisjaarcheologiipoznan.pan.pl\/wp-content\/uploads\/2025\/04\/DSCN6330-1536x1152.jpg 1536w, https:\/\/komisjaarcheologiipoznan.pan.pl\/wp-content\/uploads\/2025\/04\/DSCN6330-2048x1536.jpg 2048w\" sizes=\"auto, (max-width: 1024px) 100vw, 1024px\" \/><div class=\"wp-block-cover__inner-container is-layout-flow wp-block-cover-is-layout-flow\">\n<p class=\"has-white-color has-luminous-vivid-orange-background-color has-text-color has-background has-link-color wp-elements-e615766fb353370dfe2dad6853d708e5\"><strong>1. Kolekcjonerstwo zabytk\u00f3w a pocz\u0105tki archeologii w Polsce (zarys historyczny)<\/strong><\/p>\n\n\n\n<p>Cel: analiza pocz\u0105tk\u00f3w polskiej archeologii jako nauki w kontek\u015bcie dzia\u0142alno\u015bci kolekcjonerskiej, kt\u00f3ra by\u0142a jej prekursorem.<\/p>\n\n\n\n<p>Zagadnienia: <br><br>&#8211; Kolekcjonerstwo a narodziny polskiej archeologii jako dyscypliny naukowej<br>&#8211; Rola kolekcjonerstwa w rozwoju muze\u00f3w archeologicznych w Polsce<br>&#8211; Wp\u0142yw kolekcjonerstwa na rozw\u00f3j bada\u0144 archeologicznych<br>&#8211; Tworzenie kolekcji muzealnych na bazie wykopalisk archeologicznych<br>&#8211; Zbie\u017cno\u015b\u0107 oraz rozbie\u017cno\u015b\u0107 kolekcjonerstwa i archeologii<br>&#8211; Kolekcje prywatne i instytucjonalizacja zbior\u00f3w archeologicznych<\/p>\n<\/div><\/div>\n\n\n\n<hr class=\"wp-block-separator has-alpha-channel-opacity\"\/>\n\n\n\n<div class=\"wp-block-cover\"><span aria-hidden=\"true\" class=\"wp-block-cover__background has-black-background-color has-background-dim-70 has-background-dim\"><\/span><img loading=\"lazy\" decoding=\"async\" width=\"2560\" height=\"1920\" class=\"wp-block-cover__image-background wp-image-551\" alt=\"\" src=\"http:\/\/komisjaarcheologiipoznan.pan.pl\/wp-content\/uploads\/2025\/04\/DSCN4905-scaled.jpg\" data-object-fit=\"cover\" srcset=\"https:\/\/komisjaarcheologiipoznan.pan.pl\/wp-content\/uploads\/2025\/04\/DSCN4905-scaled.jpg 2560w, https:\/\/komisjaarcheologiipoznan.pan.pl\/wp-content\/uploads\/2025\/04\/DSCN4905-300x225.jpg 300w, https:\/\/komisjaarcheologiipoznan.pan.pl\/wp-content\/uploads\/2025\/04\/DSCN4905-1024x768.jpg 1024w, https:\/\/komisjaarcheologiipoznan.pan.pl\/wp-content\/uploads\/2025\/04\/DSCN4905-768x576.jpg 768w, https:\/\/komisjaarcheologiipoznan.pan.pl\/wp-content\/uploads\/2025\/04\/DSCN4905-1536x1152.jpg 1536w, https:\/\/komisjaarcheologiipoznan.pan.pl\/wp-content\/uploads\/2025\/04\/DSCN4905-2048x1536.jpg 2048w\" sizes=\"auto, (max-width: 2560px) 100vw, 2560px\" \/><div class=\"wp-block-cover__inner-container is-layout-flow wp-block-cover-is-layout-flow\">\n<p class=\"has-white-color has-luminous-vivid-orange-background-color has-text-color has-background has-link-color wp-elements-310d694ed1c6ff28d097140daad39fb3\"><strong>2. <strong>Muzea archeologiczne w Polsce w kontek\u015bcie ideologicznym i polityki historycznej<\/strong><\/strong><\/p>\n\n\n\n<p class=\"has-white-color has-text-color has-link-color wp-elements-a9023f4607cf6e68afc0160c3eb0fa79\">Cel: Muzea archeologiczne, podobnie jak inne instytucje kultury, nie s\u0105 neutralne, gdy\u017c w spos\u00f3b \u015bwiadomy lub nie\u015bwiadomy odzwierciedlaj\u0105 warto\u015bci, przekonania i idee dominuj\u0105ce w danym czasie i miejscu. Panel ten ma na celu podniesienie kwestii zwi\u0105zanych z tym, jak polityczne i ideologiczne potrzeby pa\u0144stwa i spo\u0142ecze\u0144stwa wp\u0142ywaj\u0105 na spos\u00f3b, w jaki archeologia i jej zbiory s\u0105 prezentowane w muzeach, a tak\u017ce jak archeologiczne narracje kszta\u0142tuj\u0105 pami\u0119\u0107 historyczn\u0105.<\/p>\n\n\n\n<p class=\"has-white-color has-text-color has-link-color wp-elements-ab91ea94105a40554e04cd1e077fa7a9\">Zagadnienia:<\/p>\n\n\n\n<p class=\"has-white-color has-text-color has-link-color wp-elements-9a34f015162012d47d7c640b00a98e14\">&#8211; Wp\u0142yw uwarunkowa\u0144 ideologicznych i politycznych na organizacyjne aspekty&nbsp;dzia\u0142alno\u015bci muze\u00f3w archeologicznych w Polsce<br>&#8211; Polityka historyczna i ideologiczne wykorzystanie archeologii w XX i XXI wieku <br>&#8211; Ideologia w narracjach muzealnych: wyb\u00f3r temat\u00f3w i interpretacja przesz\u0142o\u015bci<\/p>\n<\/div><\/div>\n\n\n\n<hr class=\"wp-block-separator has-alpha-channel-opacity\"\/>\n\n\n\n<div class=\"wp-block-cover\"><span aria-hidden=\"true\" class=\"wp-block-cover__background has-background-dim\"><\/span><img loading=\"lazy\" decoding=\"async\" width=\"1024\" height=\"768\" class=\"wp-block-cover__image-background wp-image-546\" alt=\"\" src=\"https:\/\/komisjaarcheologiipoznan.pan.pl\/wp-content\/uploads\/2025\/04\/DSCN6309-1024x768.jpg\" data-object-fit=\"cover\" srcset=\"https:\/\/komisjaarcheologiipoznan.pan.pl\/wp-content\/uploads\/2025\/04\/DSCN6309-1024x768.jpg 1024w, https:\/\/komisjaarcheologiipoznan.pan.pl\/wp-content\/uploads\/2025\/04\/DSCN6309-300x225.jpg 300w, https:\/\/komisjaarcheologiipoznan.pan.pl\/wp-content\/uploads\/2025\/04\/DSCN6309-768x576.jpg 768w, https:\/\/komisjaarcheologiipoznan.pan.pl\/wp-content\/uploads\/2025\/04\/DSCN6309-1536x1152.jpg 1536w, https:\/\/komisjaarcheologiipoznan.pan.pl\/wp-content\/uploads\/2025\/04\/DSCN6309-2048x1536.jpg 2048w\" sizes=\"auto, (max-width: 1024px) 100vw, 1024px\" \/><div class=\"wp-block-cover__inner-container is-layout-flow wp-block-cover-is-layout-flow\">\n<p class=\"has-white-color has-luminous-vivid-orange-background-color has-text-color has-background has-link-color wp-elements-478b397c11bab05060c0d838eeb2ba22\"><strong>3. Wp\u0142yw zmian paradygmatycznych archeologii akademickiej na rozw\u00f3j muzealnictwa archeologicznego w Polsce<\/strong><\/p>\n\n\n\n<p>Cel: Podj\u0119cie problematyki, jak zmieniaj\u0105ce si\u0119 podej\u015bcia teoretyczne i paradygmatyczne w archeologii wp\u0142ywa\u0142y na spos\u00f3b prezentowania i przechowywania zabytk\u00f3w archeologicznych w polskich muzeach oraz jak muzea rozwija\u0142y si\u0119 w kontek\u015bcie zmian paradygmatycznych i teoretycznych archeologii jako dyscypliny akademickiej.<\/p>\n\n\n\n<p>Zagadnienia:<br><br>&#8211; Podstawy teoretyczne muzealnictwa archeologicznego \/ paradygmaty funkcjonowania&nbsp; muze\u00f3w<br>&#8211; Zmiany w archeologii akademickiej i ich wp\u0142yw na muzealnictwo<br>&#8211; R\u00f3wnoleg\u0142o\u015b\u0107 praktyk muzealnych i praktyki archeologicznej<br>&#8211; Relacje \u015brodowiska muzealniczego i archeolog\u00f3w akademickich<\/p>\n<\/div><\/div>\n\n\n\n<hr class=\"wp-block-separator has-alpha-channel-opacity\"\/>\n\n\n\n<div class=\"wp-block-cover\"><span aria-hidden=\"true\" class=\"wp-block-cover__background has-black-background-color has-background-dim-70 has-background-dim\"><\/span><img loading=\"lazy\" decoding=\"async\" width=\"2560\" height=\"1920\" class=\"wp-block-cover__image-background wp-image-555\" alt=\"\" src=\"https:\/\/komisjaarcheologiipoznan.pan.pl\/wp-content\/uploads\/2025\/04\/DSCN5281-scaled.jpg\" data-object-fit=\"cover\" srcset=\"https:\/\/komisjaarcheologiipoznan.pan.pl\/wp-content\/uploads\/2025\/04\/DSCN5281-scaled.jpg 2560w, https:\/\/komisjaarcheologiipoznan.pan.pl\/wp-content\/uploads\/2025\/04\/DSCN5281-300x225.jpg 300w, https:\/\/komisjaarcheologiipoznan.pan.pl\/wp-content\/uploads\/2025\/04\/DSCN5281-1024x768.jpg 1024w, https:\/\/komisjaarcheologiipoznan.pan.pl\/wp-content\/uploads\/2025\/04\/DSCN5281-768x576.jpg 768w, https:\/\/komisjaarcheologiipoznan.pan.pl\/wp-content\/uploads\/2025\/04\/DSCN5281-1536x1152.jpg 1536w, https:\/\/komisjaarcheologiipoznan.pan.pl\/wp-content\/uploads\/2025\/04\/DSCN5281-2048x1536.jpg 2048w\" sizes=\"auto, (max-width: 2560px) 100vw, 2560px\" \/><div class=\"wp-block-cover__inner-container is-layout-flow wp-block-cover-is-layout-flow\">\n<p class=\"has-white-color has-luminous-vivid-orange-background-color has-text-color has-background has-link-color wp-elements-8c06ec218834c03615fff7347ea810ad\">4<strong>. <strong>Muzea archeologiczne i dziedzictwo we wsp\u00f3\u0142czesnych przestrzeniach spo\u0142ecznych<\/strong><\/strong><\/p>\n\n\n\n<p class=\"has-white-color has-text-color has-link-color wp-elements-07c7a30c82e19c703ad9047c3b01278d\">Cel: Analizy roli, jak\u0105 muzea archeologiczne pe\u0142ni\u0105 w dzisiejszych spo\u0142ecznych kontekstach, oraz tego, jak wsp\u00f3\u0142czesne spo\u0142ecze\u0144stwa postrzegaj\u0105 i anga\u017cuj\u0105 si\u0119 w kwestie dziedzictwa archeologicznego. W tym panelu chcemy zwr\u00f3ci\u0107 uwag\u0119 na to, jak zmieniaj\u0105 si\u0119 oczekiwania i wyzwania, przed kt\u00f3rymi stoj\u0105 wsp\u00f3\u0142czesne muzea archeologiczne, w kontek\u015bcie globalnych proces\u00f3w, rosn\u0105cej \u015bwiadomo\u015bci spo\u0142ecznej, technologii oraz zr\u00f3\u017cnicowanych to\u017csamo\u015bci kulturowych.<\/p>\n\n\n\n<p>Zagadnienia:<\/p>\n\n\n\n<p>&#8211; Muzealnictwo archeologiczne a spo\u0142eczna rola archeologii<br>&#8211; Zbiory muzealne jako dziedzictwo<br>&#8211; Rola muze\u00f3w archeologicznych w ochronie dziedzictwa archeologicznego<br>&#8211; Technologia i interaktywno\u015b\u0107 w muzeach archeologicznych<br>&#8211; Etyczne aspekty w kontek\u015bcie bada\u0144 i prezentacji artefakt\u00f3w <br>&#8211; Inkluzywno\u015b\u0107 i partycypacja<\/p>\n<\/div><\/div>\n\n\n\n<p><\/p>\n","protected":false},"excerpt":{"rendered":"<p>Proponujemy przedyskutowanie zagadnie\u0144 dotycz\u0105cych polskiego muzealnictwa archeologicznego w nast\u0119puj\u0105cych blokach tematycznych:<\/p>\n","protected":false},"author":2,"featured_media":0,"parent":0,"menu_order":0,"comment_status":"closed","ping_status":"closed","template":"","meta":{"zakra_sidebar_layout":"customizer","zakra_remove_content_margin":false,"zakra_sidebar":"customizer","zakra_transparent_header":"customizer","zakra_logo":0,"zakra_main_header_style":"default","zakra_menu_item_color":"","zakra_menu_item_hover_color":"","zakra_menu_item_active_color":"","zakra_menu_active_style":"","zakra_page_header":true,"footnotes":""},"class_list":["post-536","page","type-page","status-publish","hentry"],"_links":{"self":[{"href":"https:\/\/komisjaarcheologiipoznan.pan.pl\/index.php?rest_route=\/wp\/v2\/pages\/536","targetHints":{"allow":["GET"]}}],"collection":[{"href":"https:\/\/komisjaarcheologiipoznan.pan.pl\/index.php?rest_route=\/wp\/v2\/pages"}],"about":[{"href":"https:\/\/komisjaarcheologiipoznan.pan.pl\/index.php?rest_route=\/wp\/v2\/types\/page"}],"author":[{"embeddable":true,"href":"https:\/\/komisjaarcheologiipoznan.pan.pl\/index.php?rest_route=\/wp\/v2\/users\/2"}],"replies":[{"embeddable":true,"href":"https:\/\/komisjaarcheologiipoznan.pan.pl\/index.php?rest_route=%2Fwp%2Fv2%2Fcomments&post=536"}],"version-history":[{"count":17,"href":"https:\/\/komisjaarcheologiipoznan.pan.pl\/index.php?rest_route=\/wp\/v2\/pages\/536\/revisions"}],"predecessor-version":[{"id":617,"href":"https:\/\/komisjaarcheologiipoznan.pan.pl\/index.php?rest_route=\/wp\/v2\/pages\/536\/revisions\/617"}],"wp:attachment":[{"href":"https:\/\/komisjaarcheologiipoznan.pan.pl\/index.php?rest_route=%2Fwp%2Fv2%2Fmedia&parent=536"}],"curies":[{"name":"wp","href":"https:\/\/api.w.org\/{rel}","templated":true}]}}